{"id":4565,"date":"2026-02-26T20:54:12","date_gmt":"2026-02-26T20:54:12","guid":{"rendered":"http:\/\/www.economia.umich.mx\/?page_id=4565"},"modified":"2026-02-27T21:02:42","modified_gmt":"2026-02-27T21:02:42","slug":"licenciatura-en-turismo-sostenible-y-desarollo-local","status":"publish","type":"page","link":"http:\/\/www.economia.umich.mx\/index.php\/licenciatura-en-turismo-sostenible-y-desarollo-local\/","title":{"rendered":"Licenciatura en Turismo Sostenible y Desarollo Local"},"content":{"rendered":"<p>[et_pb_section fb_built=\u00bb1&#8243; admin_label=\u00bbHero\u00bb _builder_version=\u00bb4.9.4&#8243; use_background_color_gradient=\u00bbon\u00bb background_color_gradient_start=\u00bb#c44c56&#8243; background_color_gradient_end=\u00bb#ff758c\u00bb background_image=\u00bbhttp:\/\/www.economia.umich.mx\/wp-content\/uploads\/2022\/05\/coding-background-texture.jpg\u00bb background_blend=\u00bboverlay\u00bb custom_padding=\u00bb31px|0px|20px|0px||\u00bb animation_style=\u00bbslide\u00bb animation_direction=\u00bbtop\u00bb animation_intensity_slide=\u00bb2%\u00bb locked=\u00bboff\u00bb][et_pb_row _builder_version=\u00bb3.25&#8243; background_size=\u00bbinitial\u00bb background_position=\u00bbtop_left\u00bb background_repeat=\u00bbrepeat\u00bb custom_margin=\u00bb|auto|1px|auto||\u00bb custom_padding=\u00bb8px||0px|||\u00bb custom_width_px=\u00bb1280px\u00bb][et_pb_column type=\u00bb4_4&#8243; _builder_version=\u00bb3.25&#8243; custom_padding=\u00bb|||\u00bb custom_padding__hover=\u00bb|||\u00bb][et_pb_text _builder_version=\u00bb4.9.4&#8243; _module_preset=\u00bbdefault\u00bb text_font=\u00bbActor|700|||||||\u00bb text_text_color=\u00bb#FFFFFF\u00bb text_font_size=\u00bb85px\u00bb text_letter_spacing=\u00bb5px\u00bb text_line_height=\u00bb1.2em\u00bb min_height=\u00bb117px\u00bb custom_margin=\u00bb||1px|||\u00bb custom_padding=\u00bb42px||0px|||\u00bb]<\/p>\n<h1 style=\"text-align: center;\"><span style=\"color: #ffffff;\"><strong>Licenciatura en Turismo Sostenible y Desarrollo Local<\/strong><\/span><\/h1>\n<p>[\/et_pb_text][\/et_pb_column][\/et_pb_row][\/et_pb_section][et_pb_section fb_built=\u00bb1&#8243; specialty=\u00bbon\u00bb _builder_version=\u00bb4.9.4&#8243; _module_preset=\u00bbdefault\u00bb locked=\u00bboff\u00bb][et_pb_column type=\u00bb3_4&#8243; specialty_columns=\u00bb3&#8243; _builder_version=\u00bb3.25&#8243; custom_padding=\u00bb|||\u00bb custom_padding__hover=\u00bb|||\u00bb][et_pb_row_inner _builder_version=\u00bb4.9.4&#8243; _module_preset=\u00bbdefault\u00bb custom_padding=\u00bb35px|||||\u00bb locked=\u00bboff\u00bb][et_pb_column_inner saved_specialty_column_type=\u00bb3_4&#8243; _builder_version=\u00bb4.9.4&#8243; _module_preset=\u00bbdefault\u00bb][et_pb_blurb image=\u00bbhttp:\/\/www.economia.umich.mx\/wp-content\/uploads\/2026\/02\/UMSNH_Turismo.jpg\u00bb content_max_width=\u00bb1100px\u00bb _builder_version=\u00bb4.9.4&#8243; _module_preset=\u00bbdefault\u00bb header_level=\u00bbh2&#8243; header_font=\u00bb|700|||||||\u00bb text_orientation=\u00bbcenter\u00bb custom_padding=\u00bb||||false|false\u00bb animation=\u00bboff\u00bb hover_enabled=\u00bb0&#8243; title_text=\u00bbUMSNH_Turismo\u00bb sticky_enabled=\u00bb0&#8243;][\/et_pb_blurb][\/et_pb_column_inner][\/et_pb_row_inner][et_pb_row_inner column_structure=\u00bb1_2,1_2&#8243; _builder_version=\u00bb4.9.4&#8243; _module_preset=\u00bbdefault\u00bb hover_enabled=\u00bb0&#8243; locked=\u00bboff\u00bb sticky_enabled=\u00bb0&#8243;][et_pb_column_inner type=\u00bb1_2&#8243; saved_specialty_column_type=\u00bb3_4&#8243; _builder_version=\u00bb4.9.4&#8243; _module_preset=\u00bbdefault\u00bb][et_pb_blurb image=\u00bbhttp:\/\/www.economia.umich.mx\/wp-content\/uploads\/2026\/02\/UMSNH_Turismo_Perfil_Ingreso_Egreso.jpg\u00bb _builder_version=\u00bb4.9.4&#8243; _module_preset=\u00bbdefault\u00bb header_level=\u00bbh2&#8243; header_font=\u00bb|700|||||||\u00bb text_orientation=\u00bbcenter\u00bb custom_padding=\u00bb||||false|false\u00bb animation=\u00bboff\u00bb hover_enabled=\u00bb0&#8243; title_text=\u00bbUMSNH_Turismo_Perfil_Ingreso_Egreso\u00bb sticky_enabled=\u00bb0&#8243;][\/et_pb_blurb][\/et_pb_column_inner][et_pb_column_inner type=\u00bb1_2&#8243; saved_specialty_column_type=\u00bb3_4&#8243; _builder_version=\u00bb4.9.4&#8243; _module_preset=\u00bbdefault\u00bb][et_pb_blurb image=\u00bbhttp:\/\/www.economia.umich.mx\/wp-content\/uploads\/2026\/02\/UMSNH_Turismo_Actividad_Profesional.jpg\u00bb _builder_version=\u00bb4.9.4&#8243; _module_preset=\u00bbdefault\u00bb header_level=\u00bbh2&#8243; header_font=\u00bb|700|||||||\u00bb text_orientation=\u00bbcenter\u00bb custom_padding=\u00bb||||false|false\u00bb animation=\u00bboff\u00bb hover_enabled=\u00bb0&#8243; border_color_all=\u00bb#a0a0a0&#8243; title_text=\u00bbUMSNH_Turismo_Actividad_Profesional\u00bb sticky_enabled=\u00bb0&#8243;][\/et_pb_blurb][\/et_pb_column_inner][\/et_pb_row_inner][et_pb_row_inner column_structure=\u00bb1_2,1_2&#8243; _builder_version=\u00bb4.9.4&#8243; _module_preset=\u00bbdefault\u00bb][et_pb_column_inner type=\u00bb1_2&#8243; saved_specialty_column_type=\u00bb3_4&#8243; _builder_version=\u00bb4.9.4&#8243; _module_preset=\u00bbdefault\u00bb][et_pb_blurb title=\u00bbMisi\u00f3n\u00bb image=\u00bbhttp:\/\/www.economia.umich.mx\/wp-content\/uploads\/2022\/05\/vision.png\u00bb _builder_version=\u00bb4.9.4&#8243; _module_preset=\u00bbdefault\u00bb header_level=\u00bbh2&#8243; header_font=\u00bb|700|||||||\u00bb text_orientation=\u00bbcenter\u00bb custom_padding=\u00bb||||false|false\u00bb]<\/p>\n<p style=\"text-align: justify;\"><span style=\"font-weight: 400;\">Formar profesionales en las \u00e1reas del turismo cultural y religioso, ecol\u00f3gico, de ocio y diversidad cultural, de festivales y eventos, a nivel local, nacional e internacional; con un esp\u00edritu humanista y comprometido con la comunidad; con una formaci\u00f3n integral que le permita planear, impulsar, promover y dise\u00f1ar programas y productos tur\u00edsticos bajo una perspectiva socialmente responsable con la preservaci\u00f3n del patrimonio cultural, natural y el desarrollo local.<\/span><\/p>\n<p>[\/et_pb_blurb][\/et_pb_column_inner][et_pb_column_inner type=\u00bb1_2&#8243; saved_specialty_column_type=\u00bb3_4&#8243; _builder_version=\u00bb4.9.4&#8243; _module_preset=\u00bbdefault\u00bb][et_pb_blurb title=\u00bbVisi\u00f3n\u00bb image=\u00bbhttp:\/\/www.economia.umich.mx\/wp-content\/uploads\/2022\/05\/mision.png\u00bb _builder_version=\u00bb4.9.4&#8243; _module_preset=\u00bbdefault\u00bb header_level=\u00bbh2&#8243; header_font=\u00bb|700|||||||\u00bb text_orientation=\u00bbcenter\u00bb custom_padding=\u00bb||0px||false|false\u00bb border_color_all=\u00bb#a0a0a0&#8243;]<\/p>\n<p style=\"text-align: justify;\"><span style=\"font-weight: 400;\">El programa educativo de Turismo Sostenible y Desarrollo Local formar\u00e1 profesionales reconocidos a nivel nacional e internacional por su pr\u00e1ctica profesional basada en los valores y principios humanistas de la UMSNH, respetuosos de la legalidad, diversidad cultural y el medio ambiente; capaces de reconocer, evaluar y aplicar los conocimientos relativos al desarrollo y gesti\u00f3n sostenible del territorio, comunidades, ciudades, conjuntos hist\u00f3ricos as\u00ed como espacios e inmuebles con potencial de uso tur\u00edstico, apoyando para atender la problem\u00e1tica de la sociedad m\u00e1s desfavorecida y del sector empresarial tur\u00edstico con perspectiva de sostenibilidad en marco de las tendencias y oportunidades del mercado<\/span><\/p>\n<p>[\/et_pb_blurb][\/et_pb_column_inner][\/et_pb_row_inner][et_pb_row_inner _builder_version=\u00bb4.9.4&#8243; _module_preset=\u00bbdefault\u00bb][et_pb_column_inner saved_specialty_column_type=\u00bb3_4&#8243; _builder_version=\u00bb4.9.4&#8243; _module_preset=\u00bbdefault\u00bb][et_pb_accordion icon_color=\u00bb#0C71C3&#8243; use_icon_font_size=\u00bbon\u00bb icon_font_size=\u00bb24px\u00bb _builder_version=\u00bb4.9.4&#8243; _module_preset=\u00bbdefault\u00bb border_radii=\u00bbon|10px|10px|10px|10px\u00bb border_width_all=\u00bb3px\u00bb border_style_all=\u00bbdashed\u00bb][et_pb_accordion_item title=\u00bbPerfil de ingreso\u00bb open=\u00bbon\u00bb icon_color=\u00bb#D6D6D6&#8243; _builder_version=\u00bb4.9.4&#8243; _module_preset=\u00bbdefault\u00bb toggle_level=\u00bbh2&#8243;]<span style=\"font-weight: 400;\">El aspirante a la Licenciatura en Turismo Sostenible y Desarrollo Local, deber\u00e1 tener inter\u00e9s por la actividad tur\u00edstica, el desarrollo de las comunidades, el arte y la cultura y la gesti\u00f3n administrativa; debiendo demostrar conocimientos en geograf\u00eda, cultura general, historia y matem\u00e1ticas, as\u00ed como la capacidad de comunicarse y comprender textos, trabajar en equipos multidisciplinarios y utilizar tecnolog\u00edas de informaci\u00f3n y comunicaci\u00f3n<\/span>[\/et_pb_accordion_item][et_pb_accordion_item title=\u00bbPerfil de egreso\u00bb _builder_version=\u00bb4.9.4&#8243; _module_preset=\u00bbdefault\u00bb open=\u00bboff\u00bb]<span style=\"font-weight: 400;\">El egresado de la Licenciatura en Turismo Sostenible y Desarrollo Local, es un profesionista en las \u00e1reas del turismo y desarrollo, que se desempe\u00f1a de forma \u00e9tica y con apego a la legalidad, con un esp\u00edritu humanista y comprometido con la comunidad, respetuoso de la diversidad cultural y del medio ambiente<\/span>[\/et_pb_accordion_item][\/et_pb_accordion][\/et_pb_column_inner][\/et_pb_row_inner][et_pb_row_inner _builder_version=\u00bb4.9.4&#8243; _module_preset=\u00bbdefault\u00bb custom_padding=\u00bb24px|||||\u00bb][et_pb_column_inner saved_specialty_column_type=\u00bb3_4&#8243; _builder_version=\u00bb4.9.4&#8243; _module_preset=\u00bbdefault\u00bb][et_pb_cta title=\u00bbPlan de estudios\u00bb button_text=\u00bbClics\u00bb _builder_version=\u00bb4.9.4&#8243; _module_preset=\u00bbdefault\u00bb header_level=\u00bbh1&#8243; header_font=\u00bb|700|||||||\u00bb background_color=\u00bbrgba(0,22,196,0.18)\u00bb background_color_gradient_direction=\u00bb120deg\u00bb background_layout=\u00bblight\u00bb border_radii=\u00bbon|9px|9px|9px|9px\u00bb inline_fonts=\u00bbArimo\u00bb]<\/p>\n<pre style=\"text-align: left;\"><strong><\/strong><\/pre>\n<p style=\"text-align: justify;\"><span style=\"font-size: 14px; text-align: center;\">La Licenciatura en Turismo Sostenible y Desarrollo Local se administrar\u00e1 por grados (semestres), el estudiante estar\u00e1 obligado a cursar todas las asignaturas que conforman cada semestre. En casos excepcionales y con el aval del Consejo Acad\u00e9mico, el estudiante podr\u00e1 inscribir como m\u00ednimo una materia y como m\u00e1ximo 10 materias por semestre, en donde no se excedan 50 horas a la semana, considerando tanto las horas de conducci\u00f3n bajo un docente, como las horas de trabajo independiente, en cualquiera de las modalidades del plan de estudios<\/span><\/p>\n<p style=\"text-align: left;\"><span style=\"font-size: 14px; text-align: center;\"><\/span><\/p>\n<p><b>Duraci\u00f3n acad\u00e9mica<\/b><span style=\"font-size: 14px; text-align: center;\"><\/span><\/p>\n<p style=\"text-align: justify;\"><span style=\"font-weight: 400;\">La Licenciatura en Turismo Sostenible y Desarrollo Local se desarrolla durante 8 semestres y el estudiante tendr\u00e1 un m\u00e1ximo de 16 semestres, para concluir el programa educativo. El estudiante cubrir\u00e1 las asignaturas curriculares del plan de estudios que constan de 328 cr\u00e9ditos en 5,248 horas y deber\u00e1n de realizar el servicio social en 480 horas.<\/span><span style=\"font-weight: 400;\"><\/span><\/p>\n<p>[\/et_pb_cta][et_pb_blurb title=\u00bbActividad Profesional\u00bb use_icon=\u00bbon\u00bb font_icon=\u00bb%%240%%\u00bb icon_color=\u00bb#0C71C3&#8243; use_circle=\u00bbon\u00bb circle_color=\u00bb#DFB758&#8243; icon_placement=\u00bbleft\u00bb use_icon_font_size=\u00bbon\u00bb icon_font_size=\u00bb34px\u00bb _builder_version=\u00bb4.9.4&#8243; _module_preset=\u00bbdefault\u00bb]<\/p>\n<p>Principales \u00e1reas en las que se desarrolla el Licenciado en Turismo:<\/p>\n<p><b>Area del Desarrollo Local y comunitario<\/b><\/p>\n<p style=\"text-align: justify;\"><span style=\"font-size: 14px; text-align: center;\">Estudiando y preservando las tradiciones culturales, las manifestaciones art\u00edsticas y el legado hist\u00f3rico del patrimonio arquitect\u00f3nico y el patrimonio intangible como la comida tradicional y manifestaciones art\u00edsticas como el canto las pirecuas.<\/span><\/p>\n<p><b>Area de la Gesti\u00f3n P\u00fablica<\/b><\/p>\n<p style=\"text-align: justify;\"><span style=\"font-size: 14px; text-align: center;\">Como profesionales que desde la administraci\u00f3n p\u00fablica tomadores de decisiones que impulsen el desarrollo de la oferta de actividades tur\u00edsticas locales y regionales, impulsando los proyectos y productos tur\u00edsticos.<\/span><\/p>\n<p><b>Area de organizaciones privadas y civiles<\/b><\/p>\n<p style=\"text-align: justify;\"><span style=\"font-size: 14px; text-align: center;\">En el dise\u00f1o y creaci\u00f3n de proyectos y productos tur\u00edsticos privados y en el campo de la consultor\u00eda y asesor\u00eda privada a prestadores de servicios tur\u00edsticos.<\/span><\/p>\n<p>[\/et_pb_blurb][et_pb_blurb title=\u00bbRequisitos de ingreso\u00bb use_icon=\u00bbon\u00bb font_icon=\u00bb%%240%%\u00bb icon_color=\u00bb#651906&#8243; use_circle=\u00bbon\u00bb circle_color=\u00bb#DFB758&#8243; icon_placement=\u00bbleft\u00bb use_icon_font_size=\u00bbon\u00bb icon_font_size=\u00bb34px\u00bb _builder_version=\u00bb4.9.4&#8243; _module_preset=\u00bbdefault\u00bb custom_padding=\u00bb0px|||||\u00bb]<\/p>\n<ul>\n<li style=\"font-weight: 400;\" aria-level=\"1\"><span style=\"font-weight: 400;\">Bachillerato terminado en cualquier \u00e1rea.<\/span><\/li>\n<li style=\"font-weight: 400;\" aria-level=\"1\"><span style=\"font-weight: 400;\">Aprobar el Examen General de Conocimientos.<\/span><\/li>\n<li style=\"font-weight: 400;\" aria-level=\"1\"><span style=\"font-weight: 400;\">Acreditar el Curso de Inducci\u00f3n.<\/span><\/li>\n<li style=\"font-weight: 400;\" aria-level=\"1\"><span style=\"font-weight: 400;\">Cubrir los requisitos administrativos se\u00f1alados por la UMSNH.<\/span><\/li>\n<\/ul>\n<p>[\/et_pb_blurb][\/et_pb_column_inner][\/et_pb_row_inner][et_pb_row_inner _builder_version=\u00bb4.9.4&#8243; _module_preset=\u00bbdefault\u00bb][et_pb_column_inner saved_specialty_column_type=\u00bb3_4&#8243; _builder_version=\u00bb4.9.4&#8243; _module_preset=\u00bbdefault\u00bb][et_pb_text _builder_version=\u00bb4.9.4&#8243; _module_preset=\u00bbdefault\u00bb]<\/p>\n<h1><span style=\"color: #5b5b5b;\">Mapa curricular semestral<\/span><\/h1>\n<p>[\/et_pb_text][et_pb_tabs active_tab_background_color=\u00bb#00457A\u00bb active_tab_text_color=\u00bb#FFFFFF\u00bb disabled_on=\u00bbon|off|off\u00bb _builder_version=\u00bb4.9.4&#8243; _module_preset=\u00bbdefault\u00bb tab_text_color=\u00bb#6B6B6B\u00bb body_text_color=\u00bb#000000&#8243; tab_font_size=\u00bb14px\u00bb tab_line_height=\u00bb2.5em\u00bb background_color=\u00bb#ffffff\u00bb custom_padding=\u00bb|||30px||\u00bb border_radii=\u00bbon|5px|5px|5px|5px\u00bb][et_pb_tab title=\u00bb1\u00ba\u00bb _builder_version=\u00bb4.9.4&#8243; _module_preset=\u00bbdefault\u00bb]<\/p>\n<ul>\n<li style=\"font-weight: 400;\" aria-level=\"1\"><span style=\"font-weight: 400;\">Tecnolog\u00edas de la informaci\u00f3n y la comunicaci\u00f3n<\/span><\/li>\n<li style=\"font-weight: 400;\" aria-level=\"1\"><span style=\"font-weight: 400;\">Marco legal del turismo<\/span><\/li>\n<li style=\"font-weight: 400;\" aria-level=\"1\"><span style=\"font-weight: 400;\">Historia de M\u00e9xico<\/span><\/li>\n<li style=\"font-weight: 400;\" aria-level=\"1\"><span style=\"font-weight: 400;\">Expresi\u00f3n oral y escrita<\/span><\/li>\n<li style=\"font-weight: 400;\" aria-level=\"1\"><span style=\"font-weight: 400;\">Geograf\u00eda f\u00edsica y humana<\/span><\/li>\n<li style=\"font-weight: 400;\" aria-level=\"1\"><span style=\"font-weight: 400;\">Introducci\u00f3n al turismo<\/span><\/li>\n<li style=\"font-weight: 400;\" aria-level=\"1\"><span style=\"font-weight: 400;\">Fundamentos matem\u00e1ticos<\/span><\/li>\n<\/ul>\n<p>[\/et_pb_tab][et_pb_tab title=\u00bb2\u00ba\u00bb _builder_version=\u00bb4.9.4&#8243; _module_preset=\u00bbdefault\u00bb]<\/p>\n<ul>\n<li style=\"font-weight: 400;\" aria-level=\"1\"><span style=\"font-weight: 400;\">Sistemas y programas inform\u00e1ticos<\/span><\/li>\n<li style=\"font-weight: 400;\" aria-level=\"1\"><span style=\"font-weight: 400;\">Estad\u00edstica descriptiva e inferencial<\/span><\/li>\n<li style=\"font-weight: 400;\" aria-level=\"1\"><span style=\"font-weight: 400;\">Historia de Michoac\u00e1n<\/span><\/li>\n<li style=\"font-weight: 400;\" aria-level=\"1\"><span style=\"font-weight: 400;\">Geograf\u00eda humana y cultural de Michoac\u00e1n<\/span><\/li>\n<li style=\"font-weight: 400;\" aria-level=\"1\"><span style=\"font-weight: 400;\">Fundamentos de administraci\u00f3n tur\u00edstica<\/span><\/li>\n<li style=\"font-weight: 400;\" aria-level=\"1\"><span style=\"font-weight: 400;\">Microeconom\u00eda<\/span><\/li>\n<li style=\"font-weight: 400;\" aria-level=\"1\"><span style=\"font-weight: 400;\">Desarrollo econ\u00f3mico<\/span><\/li>\n<\/ul>\n<p>[\/et_pb_tab][et_pb_tab title=\u00bb3\u00ba\u00bb _builder_version=\u00bb4.9.4&#8243; _module_preset=\u00bbdefault\u00bb]<\/p>\n<ul>\n<li style=\"font-weight: 400;\" aria-level=\"1\"><span style=\"font-weight: 400;\">Historia del arte en M\u00e9xico<\/span><\/li>\n<li style=\"font-weight: 400;\" aria-level=\"1\"><span style=\"font-weight: 400;\">Rutas e itinerarios tur\u00edsticos<\/span><\/li>\n<li style=\"font-weight: 400;\" aria-level=\"1\"><span style=\"font-weight: 400;\">Funcionalidad e interpretaci\u00f3n del patrimonio natural<\/span><\/li>\n<li style=\"font-weight: 400;\" aria-level=\"1\"><span style=\"font-weight: 400;\">Gesti\u00f3n y promoci\u00f3n cultural del turismo<\/span><\/li>\n<li style=\"font-weight: 400;\" aria-level=\"1\"><span style=\"font-weight: 400;\">Estad\u00edstica aplicada al turismo<\/span><\/li>\n<li style=\"font-weight: 400;\" aria-level=\"1\"><span style=\"font-weight: 400;\">Macroeconom\u00eda<\/span><\/li>\n<li style=\"font-weight: 400;\" aria-level=\"1\"><span style=\"font-weight: 400;\">Desarrollo local<\/span><\/li>\n<\/ul>\n<p>[\/et_pb_tab][et_pb_tab title=\u00bb4\u00ba\u00bb _builder_version=\u00bb4.9.4&#8243; _module_preset=\u00bbdefault\u00bb]<\/p>\n<ul>\n<li style=\"font-weight: 400;\" aria-level=\"1\"><span style=\"font-weight: 400;\">Historia del arte en Michoac\u00e1n<\/span><\/li>\n<li style=\"font-weight: 400;\" aria-level=\"1\"><span style=\"font-weight: 400;\">Gesti\u00f3n del patrimonio natural como recurso tur\u00edstico<\/span><\/li>\n<li style=\"font-weight: 400;\" aria-level=\"1\"><span style=\"font-weight: 400;\">Gastronom\u00eda y turismo<\/span><\/li>\n<li style=\"font-weight: 400;\" aria-level=\"1\"><span style=\"font-weight: 400;\">Matem\u00e1ticas financieras<\/span><\/li>\n<li style=\"font-weight: 400;\" aria-level=\"1\"><span style=\"font-weight: 400;\">Administraci\u00f3n del capital humano<\/span><\/li>\n<li style=\"font-weight: 400;\" aria-level=\"1\"><span style=\"font-weight: 400;\">Econom\u00eda del turismo<\/span><\/li>\n<li style=\"font-weight: 400;\" aria-level=\"1\"><span style=\"font-weight: 400;\">Desarrollo sustentable y responsabilidad social<\/span><\/li>\n<\/ul>\n<p>[\/et_pb_tab][et_pb_tab title=\u00bb5\u00ba\u00bb _builder_version=\u00bb4.9.4&#8243; _module_preset=\u00bbdefault\u00bb]<\/p>\n<ul>\n<li style=\"font-weight: 400;\" aria-level=\"1\"><span style=\"font-weight: 400;\">Sociolog\u00eda del turismo<\/span><\/li>\n<li style=\"font-weight: 400;\" aria-level=\"1\"><span style=\"font-weight: 400;\">Impacto ambiental de la actividad tur\u00edstica<\/span><\/li>\n<li style=\"font-weight: 400;\" aria-level=\"1\"><span style=\"font-weight: 400;\">Patrimonio visual y arquitect\u00f3nico de Michoac\u00e1n<\/span><\/li>\n<li style=\"font-weight: 400;\" aria-level=\"1\"><span style=\"font-weight: 400;\">Contabilidad administrativa<\/span><\/li>\n<li style=\"font-weight: 400;\" aria-level=\"1\"><span style=\"font-weight: 400;\">Mercadotecnia<\/span><\/li>\n<li style=\"font-weight: 400;\" aria-level=\"1\"><span style=\"font-weight: 400;\">Planeaci\u00f3n estrat\u00e9gica<\/span><\/li>\n<li style=\"font-weight: 400;\" aria-level=\"1\"><span style=\"font-weight: 400;\">Emprendimiento e innovaci\u00f3n en turismo<\/span><\/li>\n<\/ul>\n<p>[\/et_pb_tab][et_pb_tab title=\u00bb6\u00ba\u00bb _builder_version=\u00bb4.9.4&#8243; _module_preset=\u00bbdefault\u00bb]<\/p>\n<ul>\n<li style=\"font-weight: 400;\" aria-level=\"1\"><span style=\"font-weight: 400;\">Metodolog\u00eda de la investigaci\u00f3n<\/span><\/li>\n<li style=\"font-weight: 400;\" aria-level=\"1\"><span style=\"font-weight: 400;\">Recursos territoriales, inventarios y catalogaci\u00f3n de recursos tur\u00edsticos<\/span><\/li>\n<li style=\"font-weight: 400;\" aria-level=\"1\"><span style=\"font-weight: 400;\">Turismo accesible e incluyente<\/span><\/li>\n<li style=\"font-weight: 400;\" aria-level=\"1\"><span style=\"font-weight: 400;\">Artes del espect\u00e1culo tradicional en Michoac\u00e1n<\/span><\/li>\n<li style=\"font-weight: 400;\" aria-level=\"1\"><span style=\"font-weight: 400;\">Informaci\u00f3n financiera<\/span><\/li>\n<li style=\"font-weight: 400;\" aria-level=\"1\"><span style=\"font-weight: 400;\">Investigaci\u00f3n de mercados<\/span><\/li>\n<li style=\"font-weight: 400;\" aria-level=\"1\"><span style=\"font-weight: 400;\">Evaluaci\u00f3n del impacto ambiental<\/span><\/li>\n<\/ul>\n<p>[\/et_pb_tab][et_pb_tab title=\u00bb7\u00ba\u00bb _builder_version=\u00bb4.9.4&#8243; _module_preset=\u00bbdefault\u00bb]<\/p>\n<ul>\n<li style=\"font-weight: 400;\" aria-level=\"1\"><span style=\"font-weight: 400;\">Investigaci\u00f3n aplicada al turismo<\/span><\/li>\n<li style=\"font-weight: 400;\" aria-level=\"1\"><span style=\"font-weight: 400;\">Principios de dise\u00f1o de instalaciones tur\u00edsticas<\/span><\/li>\n<li style=\"font-weight: 400;\" aria-level=\"1\"><span style=\"font-weight: 400;\">Capacidad de carga tur\u00edstica<\/span><\/li>\n<li style=\"font-weight: 400;\" aria-level=\"1\"><span style=\"font-weight: 400;\">Dise\u00f1o y gesti\u00f3n de industrias culturales<\/span><\/li>\n<li style=\"font-weight: 400;\" aria-level=\"1\"><span style=\"font-weight: 400;\">Administraci\u00f3n financiera a corto plazo<\/span><\/li>\n<li style=\"font-weight: 400;\" aria-level=\"1\"><span style=\"font-weight: 400;\">Formulaci\u00f3n y evaluaci\u00f3n de proyectos<\/span><\/li>\n<li style=\"font-weight: 400;\" aria-level=\"1\"><span style=\"font-weight: 400;\">Pol\u00edticas p\u00fablicas y turismo sostenible<\/span><\/li>\n<\/ul>\n<p>[\/et_pb_tab][et_pb_tab title=\u00bb8\u00ba\u00bb _builder_version=\u00bb4.9.4&#8243; _module_preset=\u00bbdefault\u00bb]<\/p>\n<ul>\n<li style=\"font-weight: 400;\" aria-level=\"1\"><span style=\"font-weight: 400;\">Seminario de tesis<\/span><\/li>\n<li style=\"font-weight: 400;\" aria-level=\"1\"><span style=\"font-weight: 400;\">E-business<\/span><\/li>\n<li style=\"font-weight: 400;\" aria-level=\"1\"><span style=\"font-weight: 400;\">Temas emergentes y tendencias del turismo<\/span><\/li>\n<li style=\"font-weight: 400;\" aria-level=\"1\"><span style=\"font-weight: 400;\">Plan de negocios tur\u00edsticos y sustentabilidad<\/span><\/li>\n<li style=\"font-weight: 400;\" aria-level=\"1\"><span style=\"font-weight: 400;\">Administraci\u00f3n financiera a largo plazo<\/span><\/li>\n<li style=\"font-weight: 400;\" aria-level=\"1\"><span style=\"font-weight: 400;\">Certificaci\u00f3n del turismo sostenible<\/span><\/li>\n<\/ul>\n<p>[\/et_pb_tab][\/et_pb_tabs][\/et_pb_column_inner][\/et_pb_row_inner][\/et_pb_column][et_pb_column type=\u00bb1_4&#8243; _builder_version=\u00bb3.25&#8243; custom_padding=\u00bb|||\u00bb custom_padding__hover=\u00bb|||\u00bb][et_pb_text _builder_version=\u00bb4.9.4&#8243; _module_preset=\u00bbdefault\u00bb custom_margin=\u00bb||6px|||\u00bb]<\/p>\n<h2><strong>Secciones<\/strong><\/h2>\n<p>[\/et_pb_text][et_pb_menu menu_id=\u00bb16&#8243; active_link_color=\u00bb#474747&#8243; _builder_version=\u00bb4.9.4&#8243; _module_preset=\u00bbdefault\u00bb background_color=\u00bb#eaeaea\u00bb custom_css_main_element=\u00bbpadding: 15px;\u00bb border_radii=\u00bbon|4px|4px|4px|4px\u00bb][\/et_pb_menu][\/et_pb_column][\/et_pb_section][et_pb_section fb_built=\u00bb1&#8243; _builder_version=\u00bb4.9.4&#8243; _module_preset=\u00bbdefault\u00bb][\/et_pb_section]<\/p>\n","protected":false},"excerpt":{"rendered":"<p>[et_pb_section fb_built=\u00bb1&#8243; admin_label=\u00bbHero\u00bb _builder_version=\u00bb4.9.4&#8243; use_background_color_gradient=\u00bbon\u00bb background_color_gradient_start=\u00bb#c44c56&#8243; background_color_gradient_end=\u00bb#ff758c\u00bb background_image=\u00bbhttp:\/\/www.economia.umich.mx\/wp-content\/uploads\/2022\/05\/coding-background-texture.jpg\u00bb background_blend=\u00bboverlay\u00bb custom_padding=\u00bb31px|0px|20px|0px||\u00bb animation_style=\u00bbslide\u00bb animation_direction=\u00bbtop\u00bb animation_intensity_slide=\u00bb2%\u00bb locked=\u00bboff\u00bb][et_pb_row _builder_version=\u00bb3.25&#8243; background_size=\u00bbinitial\u00bb background_position=\u00bbtop_left\u00bb background_repeat=\u00bbrepeat\u00bb custom_margin=\u00bb|auto|1px|auto||\u00bb custom_padding=\u00bb8px||0px|||\u00bb custom_width_px=\u00bb1280px\u00bb][et_pb_column type=\u00bb4_4&#8243; _builder_version=\u00bb3.25&#8243; custom_padding=\u00bb|||\u00bb custom_padding__hover=\u00bb|||\u00bb][et_pb_text _builder_version=\u00bb4.9.4&#8243; _module_preset=\u00bbdefault\u00bb text_font=\u00bbActor|700|||||||\u00bb text_text_color=\u00bb#FFFFFF\u00bb text_font_size=\u00bb85px\u00bb text_letter_spacing=\u00bb5px\u00bb text_line_height=\u00bb1.2em\u00bb min_height=\u00bb117px\u00bb custom_margin=\u00bb||1px|||\u00bb custom_padding=\u00bb42px||0px|||\u00bb] Licenciatura en Turismo Sostenible y Desarrollo Local [\/et_pb_text][\/et_pb_column][\/et_pb_row][\/et_pb_section][et_pb_section fb_built=\u00bb1&#8243; specialty=\u00bbon\u00bb _builder_version=\u00bb4.9.4&#8243; _module_preset=\u00bbdefault\u00bb locked=\u00bboff\u00bb][et_pb_column type=\u00bb3_4&#8243; specialty_columns=\u00bb3&#8243; _builder_version=\u00bb3.25&#8243; custom_padding=\u00bb|||\u00bb custom_padding__hover=\u00bb|||\u00bb][et_pb_row_inner _builder_version=\u00bb4.9.4&#8243; _module_preset=\u00bbdefault\u00bb [&hellip;]<\/p>\n","protected":false},"author":2,"featured_media":0,"parent":0,"menu_order":0,"comment_status":"closed","ping_status":"closed","template":"","meta":{"_et_pb_use_builder":"on","_et_pb_old_content":"","_et_gb_content_width":""},"_links":{"self":[{"href":"http:\/\/www.economia.umich.mx\/index.php\/wp-json\/wp\/v2\/pages\/4565"}],"collection":[{"href":"http:\/\/www.economia.umich.mx\/index.php\/wp-json\/wp\/v2\/pages"}],"about":[{"href":"http:\/\/www.economia.umich.mx\/index.php\/wp-json\/wp\/v2\/types\/page"}],"author":[{"embeddable":true,"href":"http:\/\/www.economia.umich.mx\/index.php\/wp-json\/wp\/v2\/users\/2"}],"replies":[{"embeddable":true,"href":"http:\/\/www.economia.umich.mx\/index.php\/wp-json\/wp\/v2\/comments?post=4565"}],"version-history":[{"count":15,"href":"http:\/\/www.economia.umich.mx\/index.php\/wp-json\/wp\/v2\/pages\/4565\/revisions"}],"predecessor-version":[{"id":4628,"href":"http:\/\/www.economia.umich.mx\/index.php\/wp-json\/wp\/v2\/pages\/4565\/revisions\/4628"}],"wp:attachment":[{"href":"http:\/\/www.economia.umich.mx\/index.php\/wp-json\/wp\/v2\/media?parent=4565"}],"curies":[{"name":"wp","href":"https:\/\/api.w.org\/{rel}","templated":true}]}}